z, 4*g = 4*w + 32. What is n(w)?
6
Let i(p) = p**3 - 7*p**2 + 5*p + 5. Let l be i(6). Let n(d) = -d**3 - d**2 + d + 1. Calculate n(l).
0
Let b(q) be the first derivative of -1/2*q**2 + 1 + 2*q. Calculate b(3).
-1
Suppose -3*u - 10 = 23. Let d = u + 15. Let k(p) = -p**2 + 3*p + 3. Calculate k(d).
-1
Suppose -s = 4*k - 21, -3*s + 3*k + 1 = -2. Let v(n) be the second derivative of n**3/6 - n**2/2 - n. Give v(s).
4
Let r be 11/(-3) + 30/45. Let a(s) = -4*s**3 - 7*s**2 - 17*s + 8. Let m(w) = w**3 + 2*w**2 + 4*w - 2. Let v(y) = -2*a(y) - 9*m(y). Calculate v(r).
-1
Let g(f) = -f**3 - f**2 - f - 2. Let r be (0 - 4)/(5 + -3). Determine g(r).
4
Let i be (-2)/(-7) + (-78)/(-21). Let b(g) = -2 + 3*g**3 + i + g**2 - 2*g**3 - g - 3*g**2. Suppose 0 = -3*c + 7*c + 5*t + 2, -2*t = c + 2. What is b(c)?
0
Let y(k) = k**3 - 12*k**2 - k + 12. Let x be y(12). Let g(m) = 2 + 10*m + x - 3*m. Give g(-2).
-12
Let v(t) = -t**3 + 3*t**2 - 2*t + 1. Let g be v(1). Suppose -g = -4*r - 25. Let u(p) = p**2 + 6*p + 4. Determine u(r).
4
Let p(j) = 2*j + 10. Let w(k) = k**3 - 4*k**2 + k - 11. Let b be w(4). Give p(b).
-4
Suppose 1 - 6 = i. Let l(r) = -r**2 - 3*r + 7. Give l(i).
-3
Let t(j) be the third derivative of 5*j**4/24 + j**3/6 + 5*j**2. Suppose -2*p - 4 + 7 = -3*a, 3*a + 3*p + 3 = 0. Calculate t(a).
-4
Let s(y) = y**3 - 4*y - 1. Suppose 0 = -5*w - 3*m - 5 - 25, -2*w - m - 11 = 0. Calculate s(w).
-16
Let i be (-112)/32*8/(-14). Let n(g) = 6*g**2 - 3*g + 3. Give n(i).
21
Let c(r) = -10*r. Let h(u) = -u - 4. Let p be h(-5). Give c(p).
-10
Suppose 5*a - 14 = r - 4, 2*r + 2*a = 4. Let s be 3 - (7 - (0 + r)). Let w(v) = -v**2 - 4*v - 5. Calculate w(s).
-5
Let t be (-5)/((-5)/(-3)) + -7. Let s = t - -17. Let m(c) = -c - 4 + 2*c**2 + s + 0 - 2*c. Calculate m(2).
5
Let t(y) = y**2 + 4*y + 1. Suppose 14*v - 5*v = -36. Give t(v).
1
Let m be (2/6)/((-2)/6). Let j(f) be the third derivative of -f**7/1008 - f**6/720 + f**5/20 + f**2. Let h(n) be the third derivative of j(n). Give h(m).
4
Let k(a) be the third derivative of a**5/24 + a**4/24 - a**3/2 + 2*a**2. Let f(j) be the first derivative of k(j). Calculate f(1).
6
Let c = -24 - -19. Let a(m) = m**2 + 5*m - 1. Determine a(c).
-1
Let c = 0 + -1. Let d(n) = -11*n. Determine d(c).
11
Suppose -2*w + 2 = -4*w, 2*k + 12 = -2*w. Suppose 2 + 6 = 4*z. Let p(s) = z*s**2 - s**2 - 4 + 9 + 7*s. What is p(k)?
-5
Suppose 4 + 0 = 2*a. Suppose -17 = -4*c + 3*v, 2*c - 2 = 3*v + 5. Suppose c*z + 3 + a = 0. Let u(t) = -3*t**2 - 1. Calculate u(z).
-4
Suppose 0 = -3*z + 2*g + 13, -3*z + 4 = -z + g. Let n(l) = -2 - 3*l**2 + 3*l**2 + l**2 - z*l - 2*l**2. What is n(-4)?
-6
Let b be -3*(8/(-6) - -2). Let j(l) be the third derivative of 0 + l**2 + 0*l - 1/6*l**4 + 0*l**3. Give j(b).
8
Suppose 0*l = -2*l + 12. Let g(d) = -d**2 + 4*d + 8. Calculate g(l).
-4
Let i(m) = m**2 - 3. Let d(a) = -3*a**2 + a + 9. Let y(x) = 3*d(x) + 8*i(x). Calculate y(7).
-25
Let o(q) = -9*q + 56. Let x be o(6). Let i(g) = g**3 - 3*g**2 + g - 1. Give i(x).
-3
Let d(o) = -2*o**2 - o**2 + 7 + 4*o**2 - 8*o. Let y(j) = -j**3 + 7*j**2 + 6. Let g be y(7). What is d(g)?
-5
Let s(q) = 3*q - 2. Let o(u) = -2*u + 1. Let l(r) = 4*o(r) + 3*s(r). Calculate l(6).
4
Let s(m) = m**3 + 2*m**2 - 5*m - 3. Suppose 2 = x + 1, -x + 26 = 5*c. Suppose 0 = 3*a - 0*a - c*v + 34, -5*a = 3*v. Give s(a).
3
Let f(l) = l**3 + l**2 + l + 1. Suppose -1 = 3*c + 5*g, -2*c - 4*g - 8 = -8*g. Give f(c).
-5
Let q(l) = l + 7. Suppose 0*j + 4*j = -12. Give q(j).
4
Let f be 1 + 1 - (5 + -8). Let l(k) = -k**3 + 4*k**2 + 3*k - 5. Determine l(f).
-15
Let t(a) = -a**3 + 20*a**2 + a - 27. Let l be t(20). Let k(u) = u + 7. What is k(l)?
0
Let k = -6 - -8. Let c be (-6)/8*2*k. Let x(b) be the first derivative of b**4/4 + 5*b**3/3 + 3*b**2/2 - 3*b - 8. Give x(c).
6
Let i(b) be the third derivative of b**4/8 - b**3/2 + 28*b**2. Calculate i(2).
3
Let i(g) = g**3 + 3*g**2 - 2*g + 5. Suppose -4*x = -s - 3*x - 4, -s - x = -4. Let h = -1 + s. Let p be h + 2 + -1 + -4. Calculate i(p).
-3
Let t(d) be the second derivative of -d**3/6 - 2*d**2 + 24*d. Give t(-4).
0
Let w(v) = v**2 - 17*v + 21. Let r be w(16). Let d(z) = z**2 - 2*z - 6. Determine d(r).
9
Suppose 2*y + h = -3*h + 10, -4*h + 16 = 4*y. Let i be 0 - 3*(-2)/y. Let c(j) = 5 - 4*j**3 - 3*j - 5*j**i + j + 3*j**3. Give c(-4).
-3
Let q(c) be the third derivative of c**5/60 - c**4/24 - 2*c**3/3 + 22*c**2. Give q(5).
16
Let l(z) = 7*z + 18. Let i(k) = -k - 1. Let f(s) = -6*i(s) - l(s). Let a(p) = -1. Let j(n) = -4*a(n) + f(n). What is j(-6)?
-2
Suppose 5*d - 10 = -0. Let l(x) = 11*x**3 + 11*x**2 + 5*x. Let j(i) = -5*i**3 - 5*i**2 - 2*i. Let s(q) = 9*j(q) + 4*l(q). Calculate s(d).
-8
Let x(s) = s**2 + 6*s + 3. Suppose -2*y - 1 = -4*o - 25, -o = -5*y + 96. Let l be ((-1)/2)/(2/y). Let n be x(l). Let k(u) = 2*u**3 + u**2 - 3*u - 1. Give k(n).
-7
Let a(q) = -q**2 - 11*q - 4. Let j be a(-10). Let u be 32/18 + j/27. Let d(s) = -2*s + 3. Determine d(u).
-1
Suppose -6*t + 20*t = -112. Let l(g) = -g**3 - 7*g**2 + 8*g + 3. Calculate l(t).
3
Suppose f = -d + 5*d - 26, 2*d - 8 = 3*f. Let q(j) = j**3 - 6*j**2 - 5*j - 10. What is q(d)?
4
Let t(q) be the second derivative of q**5/20 - 5*q**4/12 - q**3/2 + 7*q**2/2 + 8*q. Determine t(5).
-8
Let p(x) be the first derivative of -x**4/6 - x**3/2 + 5*x**2/2 + 5. Let y(z) be the second derivative of p(z). Give y(-2).
5
Let d(x) = -x + 1. Let o be -1*(-3)/6*-10. What is d(o)?
6
Let l(x) be the second derivative of -2*x**3/3 + x. Give l(2).
-8
Let m(a) = a - 1. Suppose -5*o - 2*k = k, -10 = 5*o + k. What is m(o)?
-4
Let i = 7 + -2. Let h(g) = -5 + i + 0 + g. Determine h(1).
1
Let c(h) be the second derivative of -h**4/12 - h**3/2 - 3*h**2/2 - 15*h. Let g = -4 - -2. What is c(g)?
-1
Let w(m) = 0*m + 0*m + 4*m**2 + 3*m - m**2. Determine w(-3).
18
Suppose 3 = -2*d + 11. Suppose 2*y + 0*y - d = 0. Suppose y*s + 4*v - 22 = 0, -2*s + 16 = v + v. Let k(j) = -2*j + 5. Give k(s).
-5
Let t(o) = -o**2 + 3*o - 2. Let y(m) = -m**2 + 4*m - 3. Let v = -5 + 1. Let u(g) = v*y(g) + 5*t(g). Let z(h) = -h**2 + 1. Let q be z(-1). What is u(q)?
2
Let v(x) = 6*x**2 + 7*x + 11. Let j(p) = -7*p**2 - 7*p - 12. Let i = 5 - 11. Let r(a) = i*v(a) - 5*j(a). Give r(-4).
6
Suppose 27 - 9 = -6*t. Let k(c) = c**3 + 4*c**2 + 3. What is k(t)?
12
Let w(c) = 2*c - 3. Let h(s) = 1. Let p(o) = 2*h(o) + w(o). What is p(6)?
11
Suppose -15 = 6*n - n, 2*n + 6 = -5*g. Suppose 2*l = -g*l + 4. Let h(v) = 5*v**2 + 0*v - 6*v**2 - v + v**3 - 2. Determine h(l).
0
Let j(p) = 9*p - 41*p + 4 + 18*p + 16*p. What is j(3)?
10
Let a(y) be the second derivative of -y**5/20 + y**4/2 - y**3/6 - y. Suppose -4*k + 3*k = 0. Suppose -2*r - 2 = 4*b - 14, k = -2*b. What is a(r)?
-6
Let h(b) = -b + 1. Let r(i) = 4*i - 3. Let j(y) = -7*h(y) - 2*r(y). Let f be j(-4). Let l(c) = -c**3 + 3*c**2 - c. What is l(f)?
-3
Suppose 2*s + s - 15 = 0. Let t(m) = 2*m + 16. Let b be t(-7). Let f(n) = -b - 3*n + 4 + 0. Determine f(s).
-13
Let d(y) = 3*y**2 - y + 1. Let x(r) = -r**3 + 10*r**2 - 14*r - 15. Let i be x(8). What is d(i)?
3
Let c(l) = -l**2 - 6*l. Let x be 2 + -3*(-2)/2. Suppose x*j + 0 = -30. Give c(j).
0
Suppose 4*z = 7*z - 3. Let i(w) = 0*w**3 - 2*w**3 - 3 - 4*w**2 + w**3 + 5*w + z. Give i(-5).
-2
Let c(p) = -p**3 - p**2 - 1. Let m(l) = -2*l**3 - 3*l**3 - 3*l**2 + 3*l + l**2 - 6. Let a(g) = 6*c(g) - m(g). Calculate a(-2).
-2
Let k(g) be the third derivative of g**5/60 + g**4/24 - 5*g**3/6 - 2*g**2. Let y(s) = -s**2 - 2*s + 5. Let x(q) = 2*k(q) + 3*y(q). Determine x(-5).
0
Suppose 5 + 7 = -3*c. Let i = 7 + c. Suppose 4*s + 5 = 5*f, i*f - 43 = -4*s - 8. Let k(l) = -l + 2. Determine k(s).
-3
Let x(j) be the second derivative of j**4/12 + 2*j**3/3 + j**2/2 + j. Let s be 86/(-18) + 20/(-90). Determine x(s).
6
Let w(m) = m - 2. Let g(q) = q**3 + 12*q**2 - 15*q - 32. Let c be g(-13). Calculate w(c).
-8
Let m(j) = 3*j - 5. Let b(p) = p. Let q(u) = 3*b(u) + m(u). Calculate q(4).
19
Let n(u) = u**3 - 8*u**2 - 10*u + 6. Let k be n(9). Let l = -2 + k. Let x(p) be the first derivative of p**4/4 + 5*p**3/3 + p**2/2 - 4*p - 1. What is x(l)?
-9
Let g be (-3)/2 + (-22)/(-4). Let n = g + -9. Let q(m) = -4 + 7*m - m + m**2 - m. Give q(n).
-4
Suppose 3*r + 0*r - 30 = 0. Suppose 6*y = 8*y - r. Let g(h) = h**3 - 5*h**2 + 2*h - 7. Calculate g(y).
3